3212113 (base 4) to base 15.
457d
What is 2756 (base 11) in base 13?
1818
What is 3520 (base 6) in base 11?
6a4
-111101100111 (base 2) to base 5
-111233
22c (base 15) to base 9
606
What is -8761 (base 9) in base 3?
-22212001
-82b (base 13) to base 7
-4023
Convert -32120033 (base 4) to base 13.
-20a65
What is -11122202010 (base 3) in base 2?
-10110011000010100
-212 (base 6) to base 10
-80
363 (base 11) to base 7
1155
What is 23653 (base 7) in base 4?
1200103
Convert 2155 (base 7) to base 5.
11100
Convert 11302 (base 4) to base 7.
1036
Convert -20203 (base 4) to base 14.
-2b1
What is 642 (base 8) in base 4?
12202
What is 161 (base 11) in base 4?
2330
What is -1103 (base 4) in base 3?
-10002
What is 22424 (base 5) in base 3?
2012210
Convert 1011202020 (base 3) to base 13.
a6c5
-100024 (base 5) to base 15
-de4
-1112022120 (base 3) to base 16
-75a8
Convert 40272 (base 8) to base 16.
40ba
Convert 5127 (base 11) to base 2.
1101010010101
Convert -248c (base 13) to base 14.
-1c66
7697 (base 10) to base 4
1320101
What is -101001011 (base 2) in base 9?
-407
10566 (base 12) to base 14
7bc2
9802 (base 14) to base 9
40024
Convert -2225 (base 8) to base 2.
-10010010101
Convert -208 (base 16) to base 5.
-4040
What is -16312 (base 12) in base 14?
-b6d8
What is -533 (base 12) in base 7?
-2133
What is a04 (base 11) in base 8?
2276
What is 8195 (base 12) in base 9?
21275
-331 (base 6) to base 2
-1111111
What is 659 (base 11) in base 13?
48a
1120121211 (base 3) to base 10
31072
Convert 15423 (base 9) to base 14.
3bb9
Convert 1040 (base 7) to base 14.
1c7
-4508 (base 13) to base 6
-112345
-2200221211 (base 3) to base 4
-30333001
What is 505 (base 8) in base 12?
231
Convert -24723 (base 9) to base 2.
-100000011110010
What is -1144103 (base 5) in base 13?
-9bb3
What is 1004 (base 5) in base 9?
153
Convert 168 (base 11) to base 2.
11000011
-337 (base 15) to base 11
-601
What is 1349 (base 13) in base 4?
223031
What is a3ac (base 15) in base 6?
424043
-2659 (base 14) to base 16
-1a57
Convert 11010 (base 4) to base 12.
230
Convert -344020 (base 6) to base 8.
-71314
Convert -2076 (base 12) to base 3.
-11212100
Convert 10301133 (base 4) to base 10.
19551
8b4 (base 14) to base 6
11554
Convert 162315 (base 7) to base 13.
11790
225520 (base 6) to base 13
8ab7
Convert 1305 (base 7) to base 9.
610
211211 (base 3) to base 9
754
Convert -318 (base 12) to base 13.
-28a
-116535 (base 7) to base 3
-1002112200
-bac (base 14) to base 12
-1404
-a83 (base 11) to base 10
-1301
What is 44646 (base 7) in base 5?
330204
Convert -1311113 (base 4) to base 9.
-11265
Convert a9 (base 14) to base 16.
95
Convert 48623 (base 9) to base 13.
11aa5
-4733 (base 13) to base 9
-14655
Convert -1948 (base 10) to base 3.
-2200011
Convert -4482 (base 12) to base 9.
-11358
23435 (base 6) to base 16
d4f
What is 130102 (base 7) in base 15?
71e1
1004 (base 8) to base 10
516
Convert 100100011 (base 2) to base 5.
2131
Convert 183 (base 11) to base 10.
212
Convert 1815 (base 12) to base 16.
b51
What is 31012 (base 7) in base 14?
2a79
What is -1000110111101 (base 2) in base 15?
-152b
What is d9 (base 15) in base 12?
150
What is -4561 (base 10) in base 8?
-10721
10220221 (base 3) to base 5
42420
Convert -12883 (base 9) to base 4.
-2020212
What is -121210200 (base 3) in base 2?
-10111111011001
2463 (base 8) to base 15
5db
237 (base 11) to base 9
343
What is 12322 (base 4) in base 5?
3232
Convert 424233 (base 5) to base 6.
150142
What is 1 (base 4) in base 15?
1
What is 1a284 (base 11) in base 15?
85aa
-102121222 (base 3) to base 13
-3b21
Convert -158b (base 12) to base 16.
-9fb
221333 (base 5) to base 12
4572
-13033011 (base 4) to base 3
-1111122200
-43a (base 11) to base 16
-20f
What is 5750 (base 8) in base 3?
11011220
What is 3554 (base 6) in base 4?
31132
What is 30 (base 9) in base 12?
23
Convert -102222 (base 3) to base 9.
-388
17343 (base 13) to base 4
22313112
-4554 (base 7) to base 8
-3170
61525 (base 7) to base 9
22531
Convert -12638 (base 9) to base 13.
-3b6c
Convert 10103 (base 4) to base 10.
275
Convert 3a8 (base 13) to base 15.
2d0
Convert -392c (base 14) to base 5.
-310121
232551 (base 6) to base 13
91ab
What is 20313 (base 7) in base 11?
37a9
What is 15111 (base 6) in base 16?
973
-15045 (base 9) to base 2
-10100000000111
What is 38d (base 16) in base 12?
639
-5144 (base 13) to base 15
-34c5
What is -23540 (base 8) in base 2?
-10011101100000
510 (base 7) to base 2
11111100
What is -4850 (base 11) in base 2?
-1100011001011
-203 (base 12) to base 11
-245
What is 1023 (base 9) in base 11?
622
Convert -1028 (base 15) to base 9.
-4612
Convert 14811 (base 11) to base 10.
20945
Convert -555 (base 6) to base 11.
-186
Convert 437a (base 14) to base 12.
6908
234 (base 7) to base 3
11120
Convert -11211102 (base 3) to base 6.
-24145
What is 1572 (base 11) in base 15?
8e5
-43a6 (base 12) to base 3
-101020200
What is -76a (base 11) in base 13?
-560
Convert -1225 (base 10) to base 9.
-1611
Convert -12622 (base 7) to base 4.
-311011
-2211 (base 5) to base 11
-259
-447 (base 13) to base 15
-340
Convert -1654 (base 9) to base 8.
-2360
-1426 (base 10) to base 13
-859
Convert 320 (base 11) to base 5.
3020
What is -1000000011 (base 2) in base 7?
-1334
Convert 2101022 (base 3) to base 7.
5030
-920 (base 13) to base 9
-2108
-1522 (base 10) to base 12
-a6a
Convert 10001010 (base 2) to base 5.
1023
Convert 2212101 (base 3) to base 9.
2771
Convert -11010100101 (base 2) to base 10.
-1701
Convert 3a528 (base 11) to base 3.
2221101021
-111200 (base 4) to base 15
-61b
What is 6f4 (base 16) in base 5?
24110
What is 24e (base 16) in base 14?
302
-1210221000 (base 3) to base 14
-cdd9
132432 (base 7) to base 16
6153
What is -20344 (base 6) in base 3?
-10202001
Convert -13023 (base 5) to base 4.
-33311
Convert 200 (base 6) to base 11.
66
5474 (base 10) to base 13
2651
-520 (base 11) to base 5
-10002
1650 (base 11) to base 9
2806
5e06 (base 15) to base 13
916b
Convert -244 (base 16) to base 11.
-488
What is 102101 (base 3) in base 8?
463
5f4 (base 16) to base 15
6b9
Convert -60c (base 16) to base 9.
-2110
Convert 1045 (base 10) to base 6.
4501
Convert 2255 (base 6) to base 5.
4124
-341 (base 13) to base 3
-202202
What is -3132112 (base 4) in base 12?
-829a
-b8 (base 13) to base 3
-12121
3155 (base 8) to base 5
23040
-718 (base 12) to base 3
-1102002
-290 (base 13) to base 3
-121212
Convert 496 (base 12) to base 15.
310
What is 2929 (base 10) in base 3?
11000111
1051 (base 10) to base 4
100123
What is 1100313 (base 4) in base 8?
12067
What is -2b83 (base 13) in base 4?
-1203120
-1b96 (base 14) to base 6
-35144
Convert -218 (base 11) to base 7.
-522
Convert -82642 (base 9) to base 4.
-31103012
What is -3004 (base 6) in base 3?
-220011
12221 (base 4) to base 6
1545
Convert -111101111001001 (base 2) to base 5.
-2003224
1003254 (base 6) to base 13
1876c
97 (base 14) to base 2
10000101
7bd0 (base 15) to base 11
18835
10312233 (base 4) to base 8
46657
Convert 242414 (base 5) to base 8.
21625
Convert 2628 (base 12) to base 11.
32a7
89 (base 16) to base 2
10001001
What is 23330 (base 4) in base 7?
2141
What is 134c (base 14) in base 4?
311020
Convert -4086 (base 10) to base 3.
-12121100
Convert 131 (base 8) to base 4.
1121
6991 (base 12) to base 10
11773
Convert 10447 (base 8) to base 11.
3332
What is 120000 (base 3) in base 8?
625
Convert 2234 (base 7) to base 8.
1451
What is -149 (base 12) in base 13?
-126
Convert -13431 (base 5) to base 10.
-1116
What is -1ca1 (base 13) in base 3?
-12222100
Convert -22111111 (base 3) to base 12.
-3704
What is a2f2 (base 16) in base 9?
63188
What is 4055 (base 9) in base 4?
232112
5d (base 16) to base 12
79
What is -10088 (base 9) in base 3?
-100002222
Convert -32523 (base 7) to base 13.
-3930
What is -101000011 (base 2) in base 7?
-641
What is -1121 (base 3) in base 6?
-111
1707 (base 9) to base 11
a85
What is 44433 (base 5) in base 2?
110000101110
What is -656 (base 10) in base 6?
-3012
What is -714 (base 10) in base 11?
-59a
What is -271 (base 14) in base 10?
-491
Convert -2210302 (base 5) to base 9.
-57356
Convert -27072 (base 8) to base 12.
-6a22
Convert -21121 (base 3) to base 15.
-da
Convert 566 (base 8) to base 7.
1043
2141 (base 9) to base 16
628
1335 (base 8) to base 7
2065
25250 (base 6) to ba